 3. Let y be l(-17). Let d(t) = 42*t**2 - t + y*t**2 + 155*t**2. What are the prime factors of d(-1)?
269
Let g(t) = 8*t**2 + 42*t - 487. What are the prime factors of g(-37)?
7, 19, 67
Let f(z) be the second derivative of z**3/6 + 30*z**2 + 17*z. List the prime factors of f(4).
2
Let y(q) = -q**3 + q**2 - q - 14. Let v = -198 + 191. List the prime factors of y(v).
5, 7, 11
Let q(x) = 2*x**2 + 39*x - 139. Let t be q(16). Let m = t - -222. What are the prime factors of m?
23, 53
Suppose -9*j + 12*j + 84129 = 5*n, -4*j = 5*n - 84108. List the prime factors of n.
2, 3, 701
Let r(b) = 115*b**2 - 15*b - 74. List the prime factors of r(-6).
2, 1039
Suppose -55*b + 52*b + 103666 = 4*s, -4*b + 3*s = -138163. What are the prime factors of b?
2, 23, 751
List the prime factors of 55671/33 + (-48)/6.
23, 73
Suppose 1235 + 325 = 13*m. Let h = 622 - m. List the prime factors of h.
2, 251
Let f be (-216)/(-135) + (-4)/(-10). Suppose 4*q - 2414 = -f*o, -2*q + 1434 - 233 = -5*o. List the prime factors of q.
3, 67
Suppose r + 5*d + 1 = 0, 5*r - 18 = 2*d - 4*d. Let u be 0 - 6888/20 - r/(-10). Let c = 512 + u. List the prime factors of c.
2, 3, 7
Suppose 45*m - 251 = -26. Suppose -20 = 4*v, 219 = z + z - v. Suppose 2*g + 0*c - 49 = -m*c, -4*g + z = c. What are the prime factors of g?
3
Let u(n) = -2*n + 466. Let y(o) = o**2 - 16*o - 105. Let w be y(21). What are the prime factors of u(w)?
2, 233
Let i(v) = v**3 - v**2 + v + 13. Let q = -2 + 5. Suppose -1 = -5*n + 2*h + 13, -5*n + 29 = q*h. List the prime factors of i(n).
5, 13
Suppose -23*f + 8*f + 273240 = 9*f. List the prime factors of f.
3, 5, 11, 23
Suppose 2*t = 7*t - 13795. Suppose 4092 + t = 13*m. List the prime factors of m.
17, 31
Let t(w) = 1230*w - 717. What are the prime factors of t(14)?
3, 5501
Suppose -21*m + 175953 = -6*m - 17277. What are the prime factors of m?
2, 3, 19, 113
Suppose u = -5*b + 163960, -u - 6932 = 2*b - 72513. List the prime factors of b.
3, 17, 643
Suppose 6*i - 5*m + 15573 = 8*i, -5*m - 7779 = -i. What are the prime factors of i?
2, 7, 139
Let w(o) = 1012*o**2 - 142*o + 730. What are the prime factors of w(5)?
2, 3, 5, 211
Suppose 17*n - 5*i = 18*n - 147, -4*n - 4*i = -540. Suppose n*a - 4424 = 125*a. List the prime factors of a.
2, 79
Suppose -4738 = -6*x + 26276. List the prime factors of x.
3, 1723
Let l(x) = 106*x**2 + 25*x - 330. List the prime factors of l(12).
2, 3, 2539
Let a(p) = 340*p - 454. Let b be a(13). Let r = b - 2097. List the prime factors of r.
3, 7, 89
Suppose 4*g = -7*b + 2*b + 1931, 0 = 5*g + 4*b - 2416. Let h = g + -256. What are the prime factors of h?
2, 3, 19
Let n = 11811 - 1588. What are the prime factors of n?
10223
Suppose 0*r - 328 = 5*o + r, 2*o + 128 = -2*r. What are the prime factors of 48/14*(-2541)/o?
2, 3, 11
Let y = 523 - 462. Suppose -5*s + y + 59 = 0. List the prime factors of s.
2, 3
Suppose -v + 5*f + 8268 = 0, -f - 5695 - 2565 = -v. What are the prime factors of v?
2, 4129
Suppose -916 = -2*s - 2*p, 3*s - 2*p - 806 - 593 = 0. Suppose 3*a = c - s, 3*c - 4*a - 774 = 620. List the prime factors of c.
2, 233
Let j be (-30)/(42/(-7)) + 1 + -1. Suppose -3*k + 144 = -0*k + 4*u, j*u - 89 = -2*k. Let t = 38 + k. What are the prime factors of t?
2, 3, 5
Let s(f) = -211*f**3 - 11*f**2 - 39*f + 3. What are the prime factors of s(-4)?
13487
What are the prime factors of (4/2 + 8/(-6))*(25854 + -120)?
2, 4289
Let k(j) = j - 6. Let i be k(8). Let z be (1 - 3/i)*-556. Suppose 5*l = -4*a + z, l + 4*a + 18 - 80 = 0. What are the prime factors of l?
2, 3
Let q be -1 - 3 - -3*337/(-3). Let h = -140 - q. What are the prime factors of h?
3, 67
Suppose -283*w + 528 = -294*w. Suppose -v + 126 = -2*o, -3*v + 2*o = -2*o - 378. Let h = v - w. List the prime factors of h.
2, 3, 29
Suppose 0 = -w + 286 - 9. What are the prime factors of ((2 - 0) + -1)*w?
277
Let y(p) = -2*p**2 - 4*p - 4. Let r be y(-6). Let u be 9/(72/1384) + -2. Let z = r + u. What are the prime factors of z?
7, 17
Let g(n) = 2*n**2 + 52*n - 1333. List the prime factors of g(46).
11, 13, 37
Let z = 2902 - 2631. What are the prime factors of z?
271
Let i(s) = 260*s**3 - 3*s**2 + 15*s - 26. List the prime factors of i(2).
2, 7, 37
Suppose -3*c = 22*q - 21*q - 12576, -5*c + q = -20952. List the prime factors of c.
3, 11, 127
Let j(p) = -15*p + 123. Let q(h) = 7*h - 58. Let c(r) = -6*j(r) - 13*q(r). Suppose -t + 3*o = -16, 0 = 5*t + 3*o - 29 + 3. List the prime factors of c(t).
3
Let u(f) = 199*f**2 + 4*f - 10. What are the prime factors of u(3)?
11, 163
Let n be (-8)/(-10) - (-1014)/195. Let t(f) = 3*f**2 - 3*f + 41. What are the prime factors of t(n)?
131
Let v = 24095 - -10412. List the prime factors of v.
11, 3137
Let c = -86 + 80. Let i(h) = 23*h**2 - 4*h - 23. List the prime factors of i(c).
829
Let t = -76 - -82. Suppose w - t*w = -4*p + 2510, 0 = -p + w + 627. What are the prime factors of p?
5
Suppose -11*p = -16*p + 10. Suppose p*v + 4*m - 4 = 0, -12 = -v - 2*v - 3*m. Suppose -v*n + 10*n = 432. List the prime factors of n.
2, 3
Suppose 4*l - 20 = 0, 0 = -0*s + 3*s + 2*l - 73. What are the prime factors of (-20 + s)/(2/890)?
5, 89
Let m = -2364 - -7197. List the prime factors of m.
3, 179
Let o = 133 - 137. What are the prime factors of 11960/78 - (o/6 + 1)?
3, 17
List the prime factors of (-6945571)/(-119) + (64/56)/(-8).
2, 7, 11, 379
Let i = -46 - -46. Suppose 3*f - 59 - 61 = i. Suppose -f = -3*z + 2*z. What are the prime factors of z?
2, 5
Suppose -29*c + 47*c = 0. Suppose 8*y + 13*y - 11340 = c. List the prime factors of y.
2, 3, 5
Let l = 11401 + -1092. List the prime factors of l.
13, 61
Let g(l) = -18*l**3 + 48*l**2 + 356*l + 33. List the prime factors of g(-9).
3, 7, 659
Let c = 554 + -547. Suppose -4*m + 5*g + 6247 = 0, 3*g = c*g - 4. List the prime factors of m.
3, 521
Suppose 56*j + 19145 - 62601 = 0. What are the prime factors of j?
2, 97
Suppose 0 = -215*o + 243*o - 61824. List the prime factors of o.
2, 3, 23
Let o be (4 - 5)/(1 - 540/538). Suppose -8*f = -o - 283. List the prime factors of f.
3, 23
Suppose 23*q - 21*q = 146. Suppose -n = -t - t - q, 0 = -5*t + 4*n - 190. Let l = -21 - t. List the prime factors of l.
13
Suppose 9*d = 14*d - 20. Suppose -1358 = 5*l - d*u - 3394, -3*u = 2*l - 819. List the prime factors of l.
2, 3, 17
Let f(t) = -t**2 + 38*t + 23. Suppose 0*y - 525 = -15*y. What are the prime factors of f(y)?
2
Let u(r) = -3*r - 13. Let x be u(-7). Suppose x = -w + 2*o + 7, 4 = -2*w + 5*o. Suppose h + 48 = -w*p + 433, p = -2*h + 125. What are the prime factors of p?
3, 43
Suppose 5*s + 16 = -3*d - 4, -d - s = 4. Suppose -5*u - 3 = 4*x - d, 5*x - 30 = 5*u. Let g(o) = 34*o - 12. List the prime factors of g(x).
2, 3, 5
Let t(k) = -k**2 - 7*k + 21. Let i be t(-9). Suppose 38 = -i*q + 146. Suppose q*c = 33*c + 462. List the prime factors of c.
2, 7, 11
Suppose -5*h + 13534 + 115991 = 0. Suppose -24*z + 8007 = -h. List the prime factors of z.
3, 157
Suppose 0 = 4*x + 2 - 42. Let o(q) = 7 + q**2 + 11*q - 11*q - 6*q. What are the prime factors of o(x)?
47
Let f = -326 - -948. Let c = f + -288. List the prime factors of c.
2, 167
Suppose -22*m = 29138 - 76174. What are the prime factors of m?
2, 1069
Suppose 3*d - 216750 = -3*b, -606*b + 144498 = -604*b + d. List the prime factors of b.
2, 11, 821
Suppose -6*h + 4*m = -h + 26, -2 = -5*h - 3*m. Let f be -2 + (2/h - -1). What are the prime factors of (1 - f/(-8))/((-14)/(-5432))?
3, 97
List the prime factors of ((-1768)/10)/((-99)/6435).
2, 13, 17
Let r(p) = -p**3 + 4*p**2 - 2*p - 1. Suppose -11*a + 4*a = 35. What are the prime factors of r(a)?
2, 3, 13
Suppose -5*t + m - 1561 = -9*t, -4*t - 5*m = -1549. List the prime factors of t.
17, 23
Suppose 24 = 11*m - 31. What are the prime factors of (-2715)/30*(3 - m)*7?
7, 181
Suppose 81*m = 65*m + 304. Suppose 0 = -3*a - d + 4, 0*d + 12 = 5*a + 3*d. Suppose a = -m*r + 17*r + 182. What are the prime factors of r?
7, 13
Let j = 924 + -924. Let w be 0/((-3)/(6/(-2))). Suppose -211 = -w*y - y + r, j = -2*r + 10. What are the prime factors of y?
2, 3
Let w(c) = -c**2 - 8*c - 6. Let j be w(-6). Let k be (-3)/j + 1 - (-39)/6. Let g(d) = -d**3 + 8*d**2 + 7*d - 2. List the prime factors of g(k).
2, 3
Let o(l) = -l + 18. Let u be o(14). Let g(p) = p**3 - 5*p**2 + 5*p - 7. Let s be g